. Let u be v(4). Let o = u - 13. Suppose -5*x + 54 = 3*k - 47, 10 = x + o*k. Calculate the remainder when 85 is divided by x.
19
Suppose 10*y = 244 + 626. Let s = 22 - -23. Calculate the remainder when y is divided by s.
42
Suppose 12*m - 28*m + 720 = 0. Calculate the remainder when 126 is divided by m.
36
Let g = -109 + 186. Suppose 36*m = 710 + 226. What is the remainder when g is divided by m?
25
Calculate the remainder when 45 is divided by (-234)/(-13) - (2 + 0).
13
Suppose -3*n + 40 = 4*f, 0*n = -n + 3*f + 35. What is the remainder when 1657 is divided by n?
17
Let t = 11 + -8. Suppose c - 1 - 5 = 0. Suppose w + c*f = 2*f + 15, 4*f = 5*w - 27. What is the remainder when w is divided by t?
1
Let x be (-105)/(-7)*(4 - -2). Let f = x + -54. Suppose 3*i - 41 = -l, -2*i - l = -0*i - 28. Calculate the remainder when f is divided by i.
10
Suppose -6*h = -5*h - 88. Let o(r) = 44*r**2 + 37*r + 38. What is the remainder when h is divided by o(-1)?
43
Suppose -4*o + 12 = r - 33, -3*r = -o - 148. Suppose -m = r - 52. What is the remainder when 16 is divided by m?
1
Let y = -7 + 10. What is the remainder when 10*(18/10 + y) is divided by 46/(-299) + (-1)/13*-223?
14
Calculate the remainder when ((-678)/12 + 4)*-2 is divided by 23.
13
Suppose o + 4*o = q - 74, q - 2*o = 59. What is the remainder when q is divided by 20?
9
Let q(j) = -2*j - 12. Let m be q(-7). Suppose -c + u - 1 = -u, -11 = -5*c + m*u. Suppose 0 = -c*p + 104 + 82. What is the remainder when p is divided by 16?
14
Suppose 0 = -0*b + 4*b - 48. Let z = b - 3. Suppose -z*a + 180 = -4*a. What is the remainder when a is divided by 19?
17
Calculate the remainder when (1592/(-6))/((200/15)/(-10)) is divided by 14.
3
Let o = 24 + -10. Suppose -2*l = -0 + 18. Let k(m) = 3*m + 49. Calculate the remainder when k(l) is divided by o.
8
Let q = 3 + -2. Let t be (q*2)/((-11)/77). What is the remainder when 1/(-3 - 44/t) is divided by 2?
1
Suppose 485 + 4751 = 34*z. Calculate the remainder when z is divided by 66.
22
Suppose -5*d - 3*o + 62 = 0, 0*o - 3*o = -2*d + 29. Let w(v) = 7*v + 35. Calculate the remainder when d is divided by w(-4).
6
Let c = 347 + -274. What is the remainder when 583 is divided by c?
72
Suppose 699*o = 712*o - 4485. What is the remainder when o is divided by 112?
9
Let v = 18 + -29. Calculate the remainder when (8 + -9)*159/(-3) is divided by -9 - v - (1 - 26).
26
Let a = -30 - -72. Suppose -12*g - 33 + 165 = 0. What is the remainder when a is divided by g?
9
Let c(i) = 7*i**2 - 5*i. Let y(j) = -13*j**2 + 10*j + 1. Let m(k) = -7*c(k) - 4*y(k). Calculate the remainder when m(5) is divided by 24.
22
Let f(a) = a**2 + 5*a + 8. Let k be f(-4). Suppose 4*o - 284 = -k*c, 5*o - 343 = -0*o - 2*c. What is the remainder when o is divided by 34?
33
Let k = 682 + -646. Let i(r) = -8*r**3 + r**2 - 2*r - 1. What is the remainder when i(-2) is divided by k?
35
Let y(c) = 13*c + 90. What is the remainder when 142 is divided by y(-4)?
28
Let k(z) = 16*z - 4. Let m be k(5). Suppose -9*p = -m - 14. What is the remainder when 29 is divided by p?
9
Suppose -28 + 212 = 8*m. Calculate the remainder when 195 is divided by m.
11
Suppose 0 = -3*l - 3*b + 12, 6*b = 3*l + 4*b - 17. Calculate the remainder when 8 is divided by l.
3
Suppose 6*h - 2*h + 2*y + 1366 = 0, -h + 3*y = 359. Let p(z) = z**3 + 5*z**2 - 3*z + 7. What is the remainder when h/6*3*(-1)/2 is divided by p(-5)?
20
Let t = -3064 - -3327. What is the remainder when t is divided by 15?
8
Let d(q) = 5*q + 133. Let j(m) = -39*m + 1. Calculate the remainder when j(-1) is divided by d(-22).
17
Let r = 120 - -112. Calculate the remainder when r is divided by 26.
24
Let o(j) = 5*j + 48. Calculate the remainder when 10 is divided by o(-8).
2
Suppose 9*o - 198 = -13*o. Let u(h) = 4*h + 17 - 5*h + 18. Calculate the remainder when u(0) is divided by o.
8
Let c(a) = 11*a - 3. Let g be c(-6). Let y = 671 - 698. Let r = y - g. What is the remainder when r is divided by 15?
12
Suppose 4*r - 3*t - 57 - 14 = 0, -4*t - 72 = -4*r. Let u be (24/9 - 1)*-6. Let b = u - -59. Calculate the remainder when b is divided by r.
15
Let r(b) = b**3 + 4*b**2 - 8*b + 8. Let h be r(6). Suppose -2*d + 7*d = h. What is the remainder when d is divided by 22?
20
Let x(m) = -m**2 + 28*m - 171. What is the remainder when x(10) is divided by 9?
0
Let o = -912 - -1237. What is the remainder when o is divided by 56?
45
Suppose -2*d = -5*q + 106, -4*q = 4*d + 364 - 124. Let h = d + 87. What is the remainder when 54 is divided by h?
25
Suppose -4*s + 3 + 13 = 0. Suppose -5*v + 28 = a, s*v + 43 = 4*a + v. Let w(d) = 2*d**3 + 3*d**2 - d - 2. What is the remainder when w(2) is divided by a?
11
Let h be (5/3)/((-30)/(-36)). Suppose 57 = 6*x - h*x - 3*r, -x = -3*r - 12. Suppose m + 6 = k + x, -3*k = 3. Calculate the remainder when 23 is divided by m.
7
Let k = -43 - -85. Let t = k - 37. Calculate the remainder when t is divided by 2.
1
Suppose 463*r - 1338 = 457*r. What is the remainder when r is divided by 16?
15
Let f(s) = -6*s - 26. Calculate the remainder when f(-11) is divided by 11.
7
Suppose -5*u - 11 + 46 = 3*c, 0 = -3*c + 15. Suppose 33 - 126 = -2*j - 5*o, 4*o - 192 = -u*j. What is the remainder when j is divided by 13?
10
Let k = -78 + 148. What is the remainder when k is divided by 24?
22
Suppose -7*x = -3*x. Suppose 2*c - 136 = -n, 3*c + 3*n - 201 = -x*n. What is the remainder when c is divided by 24?
21
Suppose 2*m - 711 = -35*n + 34*n, 2*n + 1402 = 4*m. Calculate the remainder when m is divided by 92.
77
Let g be ((-20)/5)/(4/(-6)). Let s(o) = 3*o**2 - 8*o + 3. Let v(q) = q + 23. What is the remainder when s(g) is divided by v(-7)?
15
Let y(a) = -4*a - 76. Let w be y(-19). Suppose -226 = -5*l + 2*f, -4*l + w*f + 167 = 3*f. What is the remainder when 170 is divided by l?
38
Let s(d) = -d**3 + 11*d**2 - 3*d - 12. Let b be s(11). Let n be (-3)/(-2) - b/18. Suppose -n*j + 24 = -28. Calculate the remainder when j is divided by 8.
5
Let u = 14 - 21. Let f = u - -7. Suppose 3*y = -5*g + 201, f = -2*y + g + 193 - 59. Calculate the remainder when y is divided by 14.
11
Suppose -4*q + 5*q = 2*r, 5*r = -q + 21. Suppose 163 - 48 = 5*d. What is the remainder when d is divided by q - (0*1/(-2))/(-3)?
5
Let c(w) = 3*w**2 + 3*w - 3. Let l be -3 + 6 - (-10)/(-2). Calculate the remainder when 6 is divided by c(l).
0
Let i = -83 - -122. Let a = 57 - i. Calculate the remainder when 69 is divided by a.
15
Let y(l) = l**2 + 4*l - 4. Let g(f) = -f + 3. Let j be g(0). Let i(k) = 3*k**3 + 3*k**2 - 4*k + 4. Calculate the remainder when i(2) is divided by y(j).
15
Let m = 130 + 83. Let i = m - 130. Suppose -2*t + t + 46 = -5*r, -3*t = 3*r - 48. Calculate the remainder when i is divided by t.
20
Let q be 14/3*24/16. Suppose 0*u = -q*u + 371. Suppose 0*x + x = 14. Calculate the remainder when u is divided by x.
11
Calculate the remainder when -17*(2/12 + 112/(-96)) is divided by 8.
1
Suppose -482 = -26*c + 792. What is the remainder when c is divided by 17?
15
Let x = 7 + -5. Suppose 0 = x*a + h - 56 - 398, 2*a - 474 = 4*h. What is the remainder when a is divided by 33?
31
Let j = -20 - -33. Let m = -16 + 39. What is the remainder when m is divided by j?
10
Calculate the remainder when -113*(-4 - (3 + -6)) is divided by 29.
26
Let s(m) = -2*m**2 + 37*m + 48. Calculate the remainder when s(18) is divided by 26.
14
Let s = -215 + 305. What is the remainder when s is divided by 19?
14
Suppose 0 = k + 4*y - 59, -6*k - 5*y + 61 = -5*k. What is the remainder when k is divided by 16?
3
Let a(b) = b**3 + 14*b**2 - 13*b + 6. Let z be a(-15). Let q be z/(-9) + (-1)/(-3). What is the remainder when 48 + q/(12/(-16)) is divided by 15?
14
Calculate the remainder when (525 + 1)/(-11 - -13) is divided by 67.
62
Let q be 1*2 - (-2 - (-6 - -1)). What is the remainder when 3 is divided by 2 + -4 + 0 + 4 + q?
0
Suppose -47 = 6*t + 163. What is the remainder when 47 is divided by 246/10 + (-14)/t?
22
Suppose -3*g = -2*g + 1. Let u = g + 15. Calculate the remainder when u is divided by 5.
4
Suppose -80 + 232 = 2*l. Calculate the remainder when l is divided by 16.
12
Suppose 0 = 12*p - 7*p - 35. Calculate the remainder when 271 is divided by p.
5
Let y(g) = 17*g - 41. Let u(a) = -6*a + 13. Let j(c) = 8*u(c) + 3*y(c). Calc